st common divisor of r and d.
18
Suppose -3*r - 9*f = -6*f - 21, 3*r - 31 = -5*f. Let h = -22 + 25. Suppose 0 = -r*q - 2*w + 42, h*w - 3 = -0*w. What is the highest common factor of q and 180?
20
Let n = 38 + -34. Suppose f + 2*c - 202 = n*c, 0 = -f + 4*c + 206. Calculate the greatest common factor of 22 and f.
22
Let n(z) = -2*z + 25. Let i(l) = 6*l + 41. Let w be i(-6). Let g be n(w). Suppose g*k - 152 = 13*k. Calculate the greatest common factor of k and 19.
19
Let b = 41 - 24. Let x = -38 + b. Let k = x - -46. What is the highest common divisor of k and 200?
25
Suppose -3*x = 4*x - 5*x. Suppose x = 18*r - 9*r - 900. Calculate the greatest common divisor of r and 20.
20
Suppose 6 = -2*i + 69 + 9. What is the greatest common divisor of i and 1386?
18
Suppose 820 = 75*y - 34*y. Calculate the greatest common divisor of y and 30.
10
Let v = -46 + 60. Let o = 39 - 25. What is the greatest common factor of v and o?
14
Let a = 5588 - 4232. Calculate the greatest common divisor of 24 and a.
12
Let d = -67 + 124. Let z(l) = 6*l**2 + 24*l + 2. Let t be z(-4). Suppose 5*c - 5 = -t*k + 4*c, 5 = -5*c. What is the greatest common factor of k and d?
3
Let l(v) = -29*v - 122. Let x be l(-10). Suppose -753 - 3 = -9*d. What is the highest common divisor of x and d?
84
Suppose -8*j - j + 13338 + 18810 = 0. What is the highest common factor of 152 and j?
76
Let g = -3024 + 3087. Calculate the highest common factor of g and 873.
9
Suppose 4*c + h = -9 + 99, 4*h = -4*c + 96. Suppose 1058 - 178 = c*w. Calculate the highest common divisor of 25 and w.
5
Suppose 6*o = 4*o - 5*d - 7, 4*d = 2*o - 38. Let x = 366 + -240. What is the highest common divisor of o and x?
9
Let p = -183941 - -184076. Suppose 193 = -2*d + 625. Calculate the greatest common factor of p and d.
27
Suppose 5468 - 1231 = m - 2*a, -2*m - 9*a = -8461. Calculate the highest common divisor of m and 231.
77
Suppose 110 = 99*p - 94*p. Suppose 2*o = 5*t + 75, p*o - 237 = 17*o - 4*t. Calculate the greatest common divisor of 405 and o.
45
Let w(h) = 268*h - 5329. Let b be w(33). What is the highest common divisor of b and 475?
95
Suppose 0 = -n + 4*r + 3570, 12*r - 7*r - 10676 = -3*n. Calculate the greatest common divisor of 26 and n.
26
Suppose -u = -0*u - 5*b + 18, 5*u = b + 30. Let g = -32 + 141. Let t = g - 60. Calculate the greatest common divisor of u and t.
7
Let f be (15/6 - 4)/(8375/400 - 21). Let n(u) = -14*u - 6. Let l be n(-5). Calculate the highest common divisor of l and f.
8
Let s be (10 + 279/(-27))*-10*(-21)/(-2). Calculate the greatest common factor of 2765 and s.
35
Let b = 7933 + -6263. What is the highest common divisor of 15 and b?
5
Let g = 2099 + -431. Calculate the highest common divisor of g and 24.
12
Let r = -37 + 77. Suppose -o + 6*o = r. Suppose o*z - 110 = 3*z. What is the highest common divisor of 176 and z?
22
Let h(a) = -a + 66. Suppose 4*i - 2*o = 6, -2*o = 3*i - o + 3. Let l be h(i). Let q = -183 + 348. Calculate the greatest common factor of l and q.
33
Let q(u) = 27*u**2 - 4*u - 16. Let t be q(-4). Suppose 103*c = 115*c - t. Calculate the greatest common divisor of c and 612.
36
Let f be 1/3 - (-100)/(-12). Let q be (-532)/(-304) + (-50)/f. Suppose -3*a + 2*a = b - 75, 3*a - 210 = 2*b. Calculate the greatest common divisor of a and q.
8
Let s be (-1148)/(-18) - 4/(-18). Suppose 193*q = -139*q + 90*q + 38720. What is the highest common divisor of s and q?
32
Let p be 316714/18 - 234/1053. Calculate the highest common divisor of 414 and p.
207
Suppose h + 0*h = -5*c - 151, 2*c + 640 = -5*h. Let u be h*(2 + (-24)/9). Let m = 70 - 58. Calculate the greatest common factor of u and m.
12
Let g be (2 - -2) + (323 - (12 + -14)). Calculate the highest common divisor of 35 and g.
7
Suppose -1475*n + 5 = -1474*n, -h + 3*n = -1103. Calculate the greatest common divisor of h and 1462.
86
Let y = -8935 - -9049. What is the highest common factor of 3268 and y?
38
Let m be 7/(((-6)/4)/(-3)). Suppose 0 = 3*y - 4*z + 4, -24 = -4*y + y - 3*z. Let f be (-205)/(-10) + 1/8*y. What is the highest common factor of f and m?
7
Let a = -4062 - -8142. What is the greatest common divisor of a and 5?
5
Let a(s) = 2*s**3 - 30*s**2 + 12*s - 60. Let o be a(20). What is the highest common factor of o and 38?
38
Let n = 415 + -623. Let b = n + 296. Suppose 0 = 5*u - 3*g - 52, 5*u - 4*g - 70 + 19 = 0. What is the greatest common divisor of u and b?
11
Let k be (-72)/(-5) - (3266/115 + -29). What is the highest common factor of k and 10200?
15
Let n be 14/(-4)*(-6)/1. Let l(d) = 3*d**2 + 2*d - 23. Let p be l(-6). Let r = 87 - p. Calculate the highest common divisor of r and n.
7
Suppose 3498 = x + 3*p - 4558, 16202 = 2*x - 4*p. What is the highest common factor of x and 959?
137
Let t be (-9)/(-144) - 19539/48. Let n = t + 445. Let c(q) = 3*q**2 - 3*q + 2. Let b be c(-3). Calculate the greatest common factor of b and n.
38
Suppose 66*v + 58 - 888 = 622. Suppose 0 = 3*y - 12. Let g be 2/y + 966/4. Calculate the greatest common factor of g and v.
22
Suppose -267 = -6*b + 9. Suppose 47*k = -18*k + 8750 + 1715. Calculate the highest common divisor of k and b.
23
Let x be (-28)/(-8)*3*1472/138. Calculate the greatest common factor of x and 56.
56
Suppose 0 = 2*y - 4*f + 43 - 347, 3*f = 21. What is the greatest common factor of 22327 and y?
83
Suppose -5*b + 6 - 1 = 0. Suppose -t + 54 - b = 3*f, 3*f + 355 = 5*t. Calculate the highest common divisor of t and 51.
17
Suppose -5*r + 495 = -3*j, 0 = 2*r - j - 199. What is the greatest common divisor of 663 and r?
51
Let x be 11/(-55) + (-21184)/(-20) - 11. Calculate the highest common divisor of x and 56.
8
Let p(d) = 4*d**2 + 80*d + 13. Let b be p(-22). What is the highest common divisor of b and 112?
7
Let a be 0 + 7/(-14)*16/(-1). Let s(t) = -t**2 + 16*t - 26. Suppose 3*k - 41 = d, 2*d - 2 = -0*d. Let m be s(k). What is the highest common divisor of a and m?
2
Suppose -p = -z + 1286, 6*z + 2524 = 8*z + 4*p. Calculate the highest common divisor of 2414 and z.
142
Let w = -571 - 403. Let t = w - -1009. What is the greatest common divisor of 280 and t?
35
Let z be (667500/45)/20 + 2/6. Calculate the greatest common divisor of z and 424.
106
Let d be (-7 + 3)*(-15)/4 + -4. Let x = 25 - -27. Let k = 91 + x. What is the greatest common factor of d and k?
11
Suppose -7*t + 3*t = -3*z - 25, -2*t - z + 25 = 0. Let m be 8/(120/393) + (-2)/t. Calculate the greatest common divisor of 117 and m.
13
Suppose -51 + 0 = -17*x. Let f be 38 + 1 - -2*(x + -1). Calculate the greatest common divisor of f and 731.
43
Suppose 21 = -3*l, 0 = 3*q - l + 2*l - 1106. What is the highest common divisor of 689 and q?
53
Let y = -48 - -52. Let s be 120 + (8/(-4) - y). What is the greatest common factor of 171 and s?
57
Suppose 5*m + 5 = -d, -7*m + 5*m - 2 = 4*d. Suppose 2*o = 2*u + 88, -3 = -3*o - d. Let t = u + 85. Calculate the highest common factor of t and 70.
14
Suppose -3*q + 2541 - 370 = -2*f, -2*q - 4*f = -1458. What is the greatest common divisor of q and 58?
29
Let h = -504 + -15. Let r = h - -522. What is the greatest common divisor of 9 and r?
3
Let i = 9858 + -9827. Calculate the highest common divisor of 9703 and i.
31
Let t(m) = -8*m**3 - m**2 + 4*m + 18. Let d be t(-3). Let y = d - -159. What is the highest common factor of 24 and y?
12
Let c(f) = -6493*f - 45262. Let t be c(-7). Let b(h) = -2*h**3 - h**2 + h - 3. Let a be b(-4). What is the greatest common divisor of t and a?
21
Let k be 171780/462 - (-4)/22. Calculate the highest common factor of k and 2046.
186
Let t(c) = 58*c + 2686. Let q be t(26). What is the greatest common divisor of q and 54?
18
Let u = -69 - -105. Suppose 2*k + 2*r = 22, -3*k + 4*r + u = -2*k. Calculate the highest common divisor of 6 and k.
2
Let w = 55 - 53. Let q(y) = 20*y**3 + w*y - 24*y**3 - 2*y**2 + 5*y**3 - 10. Let u be q(3). What is the highest common factor of 45 and u?
5
Let b(h) = h**2 - 2*h - 1. Let f(o) = -o**3 - 18*o**2 - 23*o + 45. Let m(s) = 3*b(s) - f(s). Let r be m(-20). Calculate the highest common factor of r and 30.
6
Let b be (-48)/(-96) - 1471/(-2). Calculate the greatest common factor of b and 20.
4
Let n be (-11)/((-66)/153)*2. Suppose 0 = 5*q + 31 - n. Suppose 2*k - 20 = -0*k. What is the greatest common divisor of k an